at is (0 - 13) + (8 + -20 - 0)?
-25
Calculate (-17 - 1) + 1 - (426 + -421).
-22
Calculate (17 - (6 + -2)) + -37 + 26.
2
(-5 - (7 + -21)) + (-21 - 1)
-13
(0 + -18 - -1) + 5
-12
What is -19 + (47 - (10 - -1))?
17
-10 - (3 + -1 + -4 - (-16 - -8))
-16
What is 19 + (-60 - -2) + 43?
4
What is the value of 16 - (-1 + (-5 - (-21 + 9)))?
10
Calculate 1 + -3 - 4 - (-11 - (1 - 11)).
-5
Evaluate 16 + -3 - (-39 + 50).
2
Evaluate 2 + -5 - 2 - -1 - (0 + -15).
11
-4 + 33 + 0 + -12 - (5 - 1)
13
Evaluate (14 - 6 - (-10 - -30)) + -8.
-20
What is -4 + -22 + (18 - (8 - 2))?
-14
Evaluate -2 - 2 - (-28 + (12 - 8) + 2).
18
4 - (-1 + 19 + (-13 - -7))
-8
6 + -7 + (-6 - -10) + (2 - 15)
-10
What is -3 + -19 + 181 + -162?
-3
What is the value of -14 + 13 + -21 - (-5 + 13 + -1)?
-29
What is 2 + 1 + 2 + (-18 - (0 - 22))?
9
What is (57 - 44) + -23 + 2?
-8
-4 + (1 - -6) + 1 + 4 + -4
4
-8 + (3 - (6 + 5)) + 10
-6
Evaluate 52 + -7 + -37 + 8.
16
Calculate -4 + 11 + (-33 - -39) + -7 + 0.
6
What is 9 + 1 + (2 - 13)?
-1
(2 + -54 - (-96 - -86)) + 15
-27
Calculate 0 + 9 - (12 + 5 + -29).
21
Evaluate -5 + -5 - (-28 - -22).
-4
2 + -1 + (8 - (4 - (8 + -6)))
7
What is 7 - (-9 + 6 + -1 + -3 - -1)?
13
What is the value of 6 + -1 + (-249 + 271 - (25 + 2))?
0
What is -6 + ((-4 - 2) + 21 - 6 - -4)?
7
What is 19 - (15 + (-13 - -23))?
-6
(-6 - -3) + 24 + (0 - (8 + -8))
21
What is -19 + 16 - -6 - (-1 + -13)?
17
Evaluate (-12 - -1) + -33 + 35.
-9
Calculate (13 - -9) + (6 - (0 - -16)).
12
Calculate 18 + (-14 - (3 + -7 + 2 + -3)).
9
What is 1 - -30 - (3 + 13)?
15
Calculate (1 + -6 - (-5 - -8)) + 7.
-1
What is 15 - (-13 + 9 + -3)?
22
1 - 13 - (-35 + 18 + (-3 - -19))
-11
Evaluate -2 - (2 - 4) - (37 - (-57 + 85)).
-9
What is -5 - ((17 - 29) + 21)?
-14
What is -11 + (96 + -98 - (-8 + -1))?
-4
What is 0 + (-8 - (-18 + (-14 - -13)))?
11
Evaluate (3 + 0 - -6) + (-9 - 23 - -14).
-9
-1 + -11 - (60 + -102 + 42)
-12
What is -19 - (1 + -7 - 1 - -11 - 9)?
-14
What is (-14 + 55 - 18) + -20?
3
-9 - 0 - -2 - (-201 + 195)
-1
Calculate (-9 - 0) + (19 - (6 + -3)).
7
2 - (4 + -2) - (13 + -16 + -15)
18
What is the value of (18 - (8 + (5 - 3) - 2)) + -27?
-17
What is the value of (1 - 1 - -6) + (-51 - (-11 - 18))?
-16
Evaluate -5 + -25 + 12 - -7.
-11
What is the value of 35 + -49 - -23 - 17?
-8
Calculate 16 + (-5 - (5 + 0)) + 1.
7
Evaluate 4 + 1 - ((0 - 2) + 73 + -41).
-25
What is the value of 11 + (-21 - (11 + -24))?
3
Calculate (-8 - (-1 - 1)) + -34 + (-31 - -70).
-1
(-23 - (-12 - -6)) + 4 - (-5 - 0)
-8
What is (-14 - -18) + (-20 - -7) + (33 - 1)?
23
(0 + 0 - 2) + (68 - 48) + 1
19
Evaluate 4 + (12 + -6 - 7) - 7.
-4
Calculate 9 + 0 + 121 + -155.
-25
What is the value of (13 - 4) + 10 + -4 + -32?
-17
Evaluate -526 + 560 + (-2 - 6).
26
What is the value of -38 - (41 + -51 + -9)?
-19
-13 - (-4 - 0 - -1 - (2 - 1))
-9
What is -2 - (-2 + 1 - 6) - (339 - 340)?
6
(9 - 16) + (30 - 15) + 9
17
What is (3 + 0 - 4 - (-26 - -28)) + -1?
-4
-3 + -1 - 2 - (11 + -7)
-10
Evaluate 5 + (8 - 16) - -11.
8
Calculate -130 - -133 - (-14 + -2).
19
What is the value of 12 + 0 + 1 + (16 - 25) + 10?
14
What is the value of (35 + -32 - 11) + -1 + 1?
-8
957 - 954 - (-19 - -1)
21
Calculate -15 + 1 + 16 + -11 + -2.
-11
Evaluate 10 + -1 + -1 + 0 + -2.
6
(0 + 0 + -2 - (-86 - -85)) + 4
3
Calculate (-12 - ((8 - 5) + -20)) + 8 + -2.
11
What is the value of -1 - -18 - (1 - (12 + -4 - 9))?
15
What is the value of (11 - 9) + (2 + 0 - 3) + -7?
-6
Calculate 4 - ((1 - 1) + -16 + 21 + -10).
9
What is the value of (0 + (2 - 10) + 5 - -8) + 5?
10
7 - (4 + -9 + 7 - (-8 - -3))
0
What is the value of (2 - 9) + 12 + (-22 - -19)?
2
What is the value of 21 + 5 + (2 - (-11 + (23 - 0)))?
16
What is the value of -19 - (-2 - (6 + (8 - 9)))?
-12
Evaluate 2 + (-1 - 12) - (5 + 1).
-17
What is the value of 7 - (-16 - -34 - -11 - 16)?
-6
(90 - 82) + -3 + (-37 - (1 + -1))
-32
Evaluate (-1 - -3 - (3 + 3)) + 3.
-1
What is 13 + 2 - (-4 + (15 - (7 + 1)))?
12
What is 19 + (9 - (63 + -46))?
11
Evaluate (-2 - -4) + (-6 - -1) - (552 - 540).
-15
Calculate -4 + (0 - 2) + (-2 - (1 + -9)).
0
Evaluate -2 + -1 + (6 - -1) + -5 - -5.
4
Evaluate (-46 - -9) + 25 + -6.
-18
What is the value of 7 + 1 + 11 + -5 + 1 + 5?
20
What is -8 - -5 - (-9 - (-26 + 7))?
-13
What is the value of 1 + -3 - (-15 + (0 + -18 - -33))?
-2
What is 0 + -1 + (-19 - 0 - -25) + 4?
9
Calculate (16 + -6 - 2) + (-28 - -15).
-5
Calculate -1 - (-14 - -6) - (0 + 13).
-6
Evaluate (23 - 0) + -12 + -3 + -8.
0
What is 22 - (-1 - -9) - -1?
15
What is the value of -28 + 28 + -25 + 23?
-2
(1 - -26) + -229 + 235
33
Calculate -10 - (8 + (1 - 4) + -14).
-1
What is -1 + 3 + (11 - 18 - 26)?
-31
What is the value of -1 + -1 + -6 + -12 + 31?
11
Calculate -1 + -4 + 7 - (11 + -3).
-6
-32 + 44 + -39 - -5
-22
-3 - (33 + -92 - -47)
9
What is the value of 2 + -3 + (1 - 2 - -8)?
6
47 + (-16 - -9) + (-2 - 1) + -4
33
Evaluate (-13 - (-6 + 4)) + 24 - -18.
31
What is the value of 17 + (-15 - (-6 - 9))?
17
Evaluate -5 - (12 - 2 - 30 - -11 - 32).
36
Calculate 13 + (3 - (-28 + 23)).
21
What is the value of -12 + 7 + (21 - 11)?
5
Evaluate -10 - (-2 + 0 + -4).
-4
What is 0 + 0 + (17 - 10) - 14?
-7
Evaluate -1 - ((16 - 15) + 2 + 0 + -7).
3
-15 + 18 + -27 - -17
-7
What is the value of (16 - 46 - -49) + -3?
16
What is the value of -7 - (16 + (-10 - 1))?
-12
What is the value of (-20 - (-12 + -16)) + (-14 - 0)?
-6
(-17 - (-10 + -1 + 4)) + 9
-1
Calculate 11 - ((-8 - (15 - 11)) + (14 - 4)).
13
Calculate 2 - ((-47 - -22) + (-3 + -8 - 1)).
39
3 + (-12 - -11) - 0
2
Calculate 163 - 151 - (19 - -3).
-10
What is 2 + (8 + -8 + 1 - -8) + 2?
13
What is the value of (-22 - (-30 + 12)) + 13?
9
1 + -12 + (10 - 8 - -1)
-8
What is (5 - -4) + -6 + (-2 - -1)?
2
What is the value of 9 + (13 - (77 - 34))?
-21
What is the value of 5 + -12 + -1 - -17 - -2?
11
What is -4 - ((18 - -4) + -18)?
-8
What is the value of 13 + -4 - (-6 + -7 + 3)?
19
What is (-1 - -33) + (1434 - 1501)?
-35
(-1 - 1) + (23 - 9)
12
What is 78 + -70 - (0 + -2 + -13)?
23
-19 + 20 + 2 - (-6 - 2)
11
-256 + 266 + (1 - 12)
-1
Calculate -1 - 2 - (-2 + 21 + -10).
-12
14 + (-2 - 6 - 12)
-6
Evaluate (2 + -1 - 2) + (19 - 22 - -13).
9
What is the value of -3 + (-11 + 12 + -1 - -3)?
0
60 - 17 - 9 - -3
37
What is the value of -7 - (-22 + -8 + 8) - 7?
8
Calculate (6 - 11) + 1 + 0 + 1.
-3
(2 + 1 - 1) + (17 + 2 - 16)
5
What is -12 - (-9 - 7) - (11 - 3)?
-4
Evaluate -8 - ((-5 - -3 - 2) + -7 - 7).
10
-15 - ((-29 - 0) + -136 + 150)
0
Evaluate (-7 - -30) + -6 - (1 - -4).
12
Calculate (59 - 60 - (0 + -16)) + 3 + -1.
17
2 + -2 + -7 + (-9 - (8 + -11))
-13
(24 - 26) + -3 + -5 + 3
-7
13 - (11 - -2) - 2 - -4
2
What is the value of 0 + -3 - (-17 + -8 + 15 - -5)?
2
What is the value of 29 + -48 + -1 + 2?
-18
What is the value of -4 + 0 + -11 + 17?
2
-115 + 101 + 0 + 5
-9
Calculate (8 - -6) + -2 + -41 + 13.
-16
What is 126 - 127 - ((-2 - (-1 + 0)) + 6)?
-6
What is 1 + (-11 - -4) - ((16 - 2) + -5)?
-15
What is -21 - -6 - (1 - (2 - 8))?
-22
Calculate -8 + 2 + (113 - 113).
-6
Calculate -19 - (-166 - -104) - (8 - 0).
35
-4 + (-12 - (8 + -4 + -2 + 3))
-21
What is the value of -4 + (-5 - -12) + -8 - (-1 + -11)?
7
Evaluate 34 - -2 - (308 + -253).
-19
What is -16 + 33 + -14 - 33?
-30
What is the value of (54 - 59) + (-2 - (-1 - 1)) + 18?
13
Calculate -2 - (0 + -2) - (84 + -83).
-1
9 + -20 + 15 - -14
18
Evaluate -1 - ((-1 - 1) + 0) - -1.
2
Evaluate -9 + 6 + -5 - (3 - 4).
-7
(-93 - -58) + 13 + 2 - 4
-24
What is 1 - ((-8 - -2) + 7 + 4) - -8?
4
What is the value of 3 - 1 - (-1 + (3 - (-1 + 6)))?
5
What is (2 - (-15 - (-2 - 5))) + 0?
10
Evaluate -4 - (2 - 4) - 3 - (-3054 + 3041).
8
9 - (-8 + 4 + (14 - 9))
8
What is the value of -11 + 4 - (0 - 17) - (-8 + 5)?
13
Evaluate 10 + 3 + -19 - 7.
-13
Evaluate 18 - (-1 + (-16 - -22)).
13
What is the value of (-1 - (3 + -4 + 4)) + 6?
2
What is the value of -26 + 16 + (-30 - -18)?
-22
What is the value of -155 - -132 - (-2 - 11)?
-10
0 + -14 + 298 + -285
-1
What is the value of -31 - -18 - (4 - (-3 + 12))?
-8
Calculate 20 + 8 + 6 + -17.
17
What is (-4 - -2) + -4 - -13 - (7 + 0)?
0
Calculate (-4 - (-3 + 0) - (-19 - -41)) + 6.
-17
What is 5 + 4 + -1 - 9?
-1
What is the value of -6 - (-1 - (5 - 6) - 4)?
-2
Evaluate -21 - (19 + -2 - 31).
-7
Calculate 2 + (-1 - (-24 + 20 + (1 - 0))).
4
Calculate 3 + -3 - (18 + -35 + 11).